 divided by 14?
10
Suppose -22*y - 121030 + 122438 = 0. Suppose -30 = -b - 4*j + 34, -2*b - 2*j = -128. Calculate the remainder when y is divided by b.
0
Suppose -54*t + 38*t = 20160. Calculate the remainder when ((-6)/(-15)*-3)/(14/t) is divided by 10.
8
Let a = 9 - -29. Let d = -115 - -490. Let g = d - 226. Calculate the remainder when g is divided by a.
35
Let i = -2029 - -2333. Calculate the remainder when i is divided by 88.
40
Suppose -3*c + 2*c + 503 = 3*h, -5*h + 4*c + 844 = 0. Calculate the remainder when 670 is divided by h.
166
Let g = 1150 - -217. What is the remainder when g is divided by 153?
143
Let l = 1119 - 618. Let s = l + -488. Calculate the remainder when s is divided by 12.
1
Let v be 0/(6/(-10) - (-35)/(-25)). Suppose -4*l + 2*z + 86 = v, -3*l + 67 = -24*z + 20*z. Calculate the remainder when 41 is divided by l.
20
Suppose -4*q + 4*j = -140, -5*j + 145 = 4*q - 8*j. Suppose 0 = -63*s + 62*s + q. What is the remainder when 114 is divided by s?
34
Suppose 3*w - 2*l = 458, -5*w = l - 502 - 270. Let r = -93 + w. Calculate the remainder when 304 is divided by r.
60
Calculate the remainder when 3006/(-12)*(-64)/24 is divided by 42.
38
Suppose -8*c = -7*c - 2*n - 1323, 0 = 2*c - 10*n - 2634. Calculate the remainder when c is divided by 37.
32
Suppose -12*h + 6*h = -48. Suppose -52*k + h = -50*k. Suppose k*b = -0 - 4, 4*a - b - 13 = 0. Calculate the remainder when 17 is divided by a.
2
Let x = 13 + -8. Let o = 295 + -313. Calculate the remainder when x is divided by ((o/21)/3)/((-1)/7).
1
What is the remainder when 9*10/(-900) - (-2322)/20 is divided by 11?
6
Let n(m) = 1569*m - 3028. What is the remainder when 28378 is divided by n(2)?
108
Suppose i - 330 = -2*i. Suppose -5*q - r + i = -497, -595 = -5*q - 5*r. What is the remainder when q is divided by 31?
29
Let u = -7 - -18. Let z(m) = -m**2 + 14*m - 13. Suppose -86*f = -110*f + 408. Calculate the remainder when z(u) is divided by f.
3
Let o = 6189 + -6174. What is the remainder when 454 is divided by o?
4
Let l(o) = -2*o**3 + 11*o**2 + 2*o - 4. Suppose 2*y = 24 - 14. What is the remainder when l(y) is divided by 8?
7
Let u = 1434 + -1364. What is the remainder when 77 is divided by u?
7
Let v(s) = -2*s**3 + 19*s**2 - 11*s + 20. Let u be v(9). Let c(m) = 7*m**2 - 6*m - 1. Calculate the remainder when c(u) is divided by 11 - (-1 + 1 + 1).
5
Let y(x) = x**2 + 139*x + 1595. What is the remainder when 342 is divided by y(-12)?
58
Calculate the remainder when 207 + -11 + (-12)/(-1) is divided by 191.
17
Let y be 2/(-7 + -1) + (-419)/4. Let z = -92 - y. What is the remainder when 87 is divided by z?
9
Suppose -16 + 12 = -2*k. Suppose k*z - 3*z = -140. Suppose q = -6*q + z. Calculate the remainder when 45 is divided by q.
5
Let a be 2/(-8) + 520/32. Let v(r) = r**3 - 16*r**2 + r - 13. Let c be v(a). Calculate the remainder when (((-18)/7)/c)/((-2)/56) is divided by 9.
6
Let u = 161 + -93. What is the remainder when u is divided by ((-630)/252)/(10/(-168))*1?
26
Let o(t) = -20*t + 1. Let d be o(-4). Suppose 2*m - d = -m. What is the remainder when 82 + 0 + -3 + 0 is divided by m?
25
Let q(n) = -2*n**2 - n - 1. Let f be q(0). Calculate the remainder when (-749)/(-7) - 0*f/(-2) is divided by 37.
33
Let r = 341 + -499. Calculate the remainder when (-33)/66 - r/4 is divided by 7.
4
Suppose 7*c = 10*c - 12. Suppose c*w = w + 33. Suppose 0 = -s - 4*v + 9 + 60, -v = s - 57. Calculate the remainder when s is divided by w.
9
Calculate the remainder when 35 is divided by 65/((-5)/(-1)) - (-37 - -38).
11
Let p = 494 + 102. Let t = p + -579. Calculate the remainder when 149 is divided by t.
13
Calculate the remainder when 99/(-132) - (-43938)/24 is divided by 258.
24
Calculate the remainder when 244 is divided by -2 + 8 + 3 + -4.
4
Let y(i) = -i**2 - 37*i - 65. Let s be y(-35). Suppose -3*k - k = -8. What is the remainder when 57 is divided by 2*(s - (5 - k))?
1
Suppose 0 = -31*z - 10*z + 69864. Calculate the remainder when z is divided by 95.
89
What is the remainder when 18*(-28)/(-630) + (-2452)/(-10) is divided by 50?
46
Calculate the remainder when 1268 is divided by (2 - 8) + 8334/189 + 12/(-126).
14
Suppose 0 = -3*g - 1560 + 624. Let h = g + 343. What is the remainder when 32 is divided by h?
1
Calculate the remainder when (-264)/(11 + -3)*152*(-44)/24 is divided by 146.
144
Calculate the remainder when (-7)/(-6 - (-10)/(-8) - -7) is divided by 24 + 3 + -7 - 2.
10
Suppose -123 + 897 = 3*h. Suppose 3*x + 4*n = 63, 4*x - 61*n - 82 = -66*n. Calculate the remainder when h is divided by x.
11
Suppose -5*u + 3*u + 30 = 0. Let v be (-8048)/(-40) + 7 - 2/10. Suppose -3*o + 7*o - v = 5*n, 3*o - 4*n = 155. Calculate the remainder when o is divided by u.
12
Let y(n) = 14*n**3 + 3*n**2 - 3*n - 1. Let u be y(2). Suppose 14*j = j + u. Suppose f = 2*f - 20. Calculate the remainder when f is divided by j.
2
Let t(g) = -g**3 - g**2 + 107*g + 75. What is the remainder when 858 is divided by t(-11)?
102
Let l(a) = 2*a - 4. Let k(u) = 5*u - 8. Let g(r) = -4*k(r) + 9*l(r). What is the remainder when 58 is divided by g(-13)?
14
Suppose 0 = 2*a + 5*q + 25 - 9, -14 = -a + 3*q. Calculate the remainder when 6 is divided by -4 - (-27 - -7)/a.
0
Let y = 114 - 68. What is the remainder when 78 is divided by ((-80)/(-20))/(8/y)?
9
Let y(q) = -17*q**3 - 75*q**2 + 8*q + 47. Calculate the remainder when y(-6) is divided by 79.
23
What is the remainder when 143 is divided by 48/2 - (-6)/(-27)*27?
17
Suppose -197 + 245 = 3*v - 2*p, 2*p = 12. What is the remainder when 838 is divided by v?
18
Suppose -2*k + 321 = k. Let b = k + -78. What is the remainder when 385/9 + (b/9 - 3) is divided by 23?
20
Suppose 0 = 15*m - 90 - 2220. Suppose -4*r = -8, -110 - m = -a - 5*r. Calculate the remainder when a is divided by 52.
46
Let f = 27 - -20. Let a = -1173 + 1181. Calculate the remainder when f is divided by a.
7
Let g be (-4)/(-6) + (-20)/(-6). Let v(j) = j - 3. Let p = -172671 + 172672. Calculate the remainder when p is divided by v(g).
0
Suppose -a = 2*a - 57. Suppose -202*x + 47705 + 36529 = 0. What is the remainder when x is divided by a?
18
What is the remainder when 650 is divided by (-44)/(-8) - 62/(-4)?
20
Let a(t) = -3*t**3 + 59*t**2 + 53*t + 19. Calculate the remainder when a(17) is divided by 11.
9
Let v = -3793 - -3895. What is the remainder when 245 is divided by v?
41
Let v be (0 + 7)*40/10. Suppose 2*q = -z + v, z = -4*z + 4*q + 70. What is the remainder when 35 is divided by z?
17
Suppose 46*c - 51*c = 4*y - 68, -5*y + 72 = 3*c. What is the remainder when 13942 is divided by y?
10
Let c be 52/20 - 3 - (-27)/5. Suppose -2*z + 1 = 5, 0 = -c*n + 4*z + 43. Let h = -37 - -62. What is the remainder when h is divided by n?
4
Let q be 18/9 + -2 + (-4)/(-4). What is the remainder when (((-597)/q)/3 - -2)/(-1) is divided by 18?
17
Let k = 5511 - 4950. What is the remainder when k is divided by 21?
15
Let f(r) = -r**2 + 26*r + 38. Let v = -81 - -108. Let k be f(v). Suppose 360 = k*i - 7*i. Calculate the remainder when i is divided by 23.
21
Let j(r) = -r**3 + 92*r**2 + 110*r - 1433. Calculate the remainder when j(93) is divided by 28.
8
Suppose -22*z + 5188 = -18*z + 5*k, -3*z + 3891 = -5*k. What is the remainder when z is divided by 13?
10
Let n(t) = t**2 + 16*t - 127. Let l be n(6). Let d(j) = -j**3 + 6*j**2 + 10*j - 62. Suppose -25 = -2*u + 19. What is the remainder when u is divided by d(l)?
9
Let x(k) = -2*k**3 + 81*k**2 - 284*k - 12. What is the remainder when x(36) is divided by 35?
28
Let n(w) = 2*w**3 - 3*w**2 + 5. Let z be n(-4). Let k = 189 + z. Calculate the remainder when 39 is divided by k.
3
Let o = -135 - -231. Suppose -o = -4*z - 8*z. What is the remainder when 34 is divided by ((-3)/1)/(-1 - z/(-14))?
6
Suppose 55 = 3*u - 2*p, 3*p - 61 = -3*u - p. Let l = 149044 - 148893. Calculate the remainder when l is divided by u.
18
Suppose 3*a - 5*f = 446, 3*a + 3*f = 4*a - 150. What is the remainder when 1173 is divided by a?
144
Suppose 3*f + 2*x - 21 = 0, -3*f - 2*x = f - 28. Suppose 0 = -5*v - 3*i + 16, -f - 1 = -4*i. Calculate the remainder when (v - -38) + 3 + -6 is divided by 10.
7
Let t(a) be the second derivative of 2*a**5/5 + a**4/4 - a**3/3 + a - 29. Calculate the remainder when 212 is divided by t(2).
